{"id":525,"date":"2023-03-09T11:08:20","date_gmt":"2023-03-09T10:08:20","guid":{"rendered":"https:\/\/www.testqual.com\/productos\/?page_id=525"},"modified":"2023-03-09T11:10:21","modified_gmt":"2023-03-09T10:10:21","slug":"bekolut-alox-n","status":"publish","type":"page","link":"https:\/\/www.testqual.com\/productos\/index.php\/bekolut-alox-n\/","title":{"rendered":"BEKOlut ALOX N"},"content":{"rendered":"\t\t<div data-elementor-type=\"wp-page\" data-elementor-id=\"525\" class=\"elementor elementor-525\">\n\t\t\t\t\t\t\t\t\t<section class=\"elementor-section elementor-top-section elementor-element elementor-element-85e5a43 elementor-section-boxed elementor-section-height-default elementor-section-height-default\" data-id=\"85e5a43\" data-element_type=\"section\">\n\t\t\t\t\t\t<div class=\"elementor-container elementor-column-gap-default\">\n\t\t\t\t\t<div class=\"aux-parallax-section elementor-column elementor-col-100 elementor-top-column elementor-element elementor-element-8a8e112\" data-id=\"8a8e112\" data-element_type=\"column\">\n\t\t\t<div class=\"elementor-widget-wrap elementor-element-populated\">\n\t\t\t\t\t\t\t\t<div class=\"elementor-element elementor-element-c95b63f elementor-widget elementor-widget-spacer\" data-id=\"c95b63f\" data-element_type=\"widget\" data-widget_type=\"spacer.default\">\n\t\t\t\t<div class=\"elementor-widget-container\">\n\t\t\t\t\t<div class=\"elementor-spacer\">\n\t\t\t<div class=\"elementor-spacer-inner\"><\/div>\n\t\t<\/div>\n\t\t\t\t<\/div>\n\t\t\t\t<\/div>\n\t\t\t\t\t<\/div>\n\t\t<\/div>\n\t\t\t\t\t\t\t<\/div>\n\t\t<\/section>\n\t\t\t\t<section class=\"elementor-section elementor-top-section elementor-element elementor-element-23fcb150 elementor-section-boxed elementor-section-height-default elementor-section-height-default\" data-id=\"23fcb150\" data-element_type=\"section\">\n\t\t\t\t\t\t<div class=\"elementor-container elementor-column-gap-default\">\n\t\t\t\t\t<div class=\"aux-parallax-section elementor-column elementor-col-100 elementor-top-column elementor-element elementor-element-436e6704\" data-id=\"436e6704\" data-element_type=\"column\">\n\t\t\t<div class=\"elementor-widget-wrap elementor-element-populated\">\n\t\t\t\t\t\t\t\t<div class=\"elementor-element elementor-element-3a6b55be elementor-widget elementor-widget-aux_modern_heading\" data-id=\"3a6b55be\" data-element_type=\"widget\" data-widget_type=\"aux_modern_heading.default\">\n\t\t\t\t<div class=\"elementor-widget-container\">\n\t\t\t<section class=\"aux-widget-modern-heading\">\n            <div class=\"aux-widget-inner\"><h2 class=\"aux-modern-heading-primary\">Fase Normal<\/h2><h3 class=\"aux-modern-heading-secondary\"><span class=\"aux-head-before\">Adsorbentes Polares<\/span><span class=\"aux-head-highlight\">BEKOlut ALOX N<\/span><\/h3><div class=\"aux-modern-heading-divider\"><\/div><\/div>\n        <\/section>\t\t<\/div>\n\t\t\t\t<\/div>\n\t\t\t\t<div class=\"elementor-element elementor-element-22753d2d elementor-widget elementor-widget-text-editor\" data-id=\"22753d2d\" data-element_type=\"widget\" data-widget_type=\"text-editor.default\">\n\t\t\t\t<div class=\"elementor-widget-container\">\n\t\t\t\t\t\t\t<p>Nuestras columnas de alta pureza Alox-SPE est\u00e1n disponibles en las variantes \u00e1cida, neutra o alcalina de \u00f3xido de aluminio. La distribuci\u00f3n del tama\u00f1o de part\u00edculas est\u00e1 dentro del rango de 0,063-0,200 mm, la superficie espec\u00edfica es de aprox. 140 m2\/g. BEKOlut<sup>\u00ae<\/sup>\u00a0Alox N 90, neutra &#8211; pH 6,8 &#8211; 7,8<\/p><p>Aplicaci\u00f3n t\u00edpica para el uso correcto:\u00a0Eliminaci\u00f3n de compuestos polares que interfieren en la purificaci\u00f3n por adsorbci\u00f3n de extractos org\u00e1nicos<\/p>\t\t\t\t\t\t<\/div>\n\t\t\t\t<\/div>\n\t\t\t\t\t<\/div>\n\t\t<\/div>\n\t\t\t\t\t\t\t<\/div>\n\t\t<\/section>\n\t\t\t\t<section class=\"elementor-section elementor-top-section elementor-element elementor-element-7e0e2d3a elementor-section-boxed elementor-section-height-default elementor-section-height-default\" data-id=\"7e0e2d3a\" data-element_type=\"section\">\n\t\t\t\t\t\t<div class=\"elementor-container elementor-column-gap-default\">\n\t\t\t\t\t<div class=\"aux-parallax-section elementor-column elementor-col-50 elementor-top-column elementor-element elementor-element-5e9007e2\" data-id=\"5e9007e2\" data-element_type=\"column\">\n\t\t\t<div class=\"elementor-widget-wrap elementor-element-populated\">\n\t\t\t\t\t\t\t\t<div class=\"elementor-element elementor-element-750639cc elementor-widget elementor-widget-text-editor\" data-id=\"750639cc\" data-element_type=\"widget\" data-widget_type=\"text-editor.default\">\n\t\t\t\t<div class=\"elementor-widget-container\">\n\t\t\t\t\t\t\t<div class=\"product-detail-list-img\">\u00a0<\/div><p>\u00a0<strong>Material base:\u00a0<\/strong>\u00f3xido de aluminio N<\/p><div class=\"product-detail-list-img\">\u00a0<\/div><p>\u00a0<strong>Phase mechanism:\u00a0<\/strong>altamente polar<\/p><div class=\"product-detail-list-img\">\u00a0<\/div><p>\u00a0<strong>Compatibilidad matriz modelo:\u00a0<\/strong>org\u00e1nico<\/p>\t\t\t\t\t\t<\/div>\n\t\t\t\t<\/div>\n\t\t\t\t\t<\/div>\n\t\t<\/div>\n\t\t\t\t<div class=\"aux-parallax-section elementor-column elementor-col-50 elementor-top-column elementor-element elementor-element-4dc3d8f7\" data-id=\"4dc3d8f7\" data-element_type=\"column\">\n\t\t\t<div class=\"elementor-widget-wrap elementor-element-populated\">\n\t\t\t\t\t\t\t\t<div class=\"elementor-element elementor-element-fea66ea elementor-widget elementor-widget-image\" data-id=\"fea66ea\" data-element_type=\"widget\" data-widget_type=\"image.default\">\n\t\t\t\t<div class=\"elementor-widget-container\">\n\t\t\t\t\t\t\t\t\t\t\t\t\t\t\t<img decoding=\"async\" width=\"744\" height=\"332\" src=\"https:\/\/www.testqual.com\/productos\/wp-content\/uploads\/2023\/03\/aloxn.png\" class=\"attachment-large size-large wp-image-527\" alt=\"\" loading=\"lazy\" srcset=\"https:\/\/www.testqual.com\/productos\/wp-content\/uploads\/2023\/03\/aloxn.png 744w, https:\/\/www.testqual.com\/productos\/wp-content\/uploads\/2023\/03\/aloxn-200x89.png 200w\" sizes=\"(max-width: 744px) 100vw, 744px\" \/>\t\t\t\t\t\t\t\t\t\t\t\t\t\t\t<\/div>\n\t\t\t\t<\/div>\n\t\t\t\t\t<\/div>\n\t\t<\/div>\n\t\t\t\t\t\t\t<\/div>\n\t\t<\/section>\n\t\t\t\t\t\t\t<\/div>\n\t\t","protected":false},"excerpt":{"rendered":"<p>Fase Normal Adsorbentes PolaresBEKOlut ALOX N Nuestras columnas de alta pureza Alox-SPE est\u00e1n disponibles en las variantes \u00e1cida, neutra o alcalina de \u00f3xido de aluminio. La distribuci\u00f3n del tama\u00f1o de part\u00edculas est\u00e1 dentro del rango de 0,063-0,200 mm, la superficie espec\u00edfica es de aprox. 140 m2\/g. BEKOlut\u00ae\u00a0Alox N 90, neutra &#8211; pH 6,8 &#8211; 7,8 [&hellip;]<\/p>\n","protected":false},"author":1,"featured_media":0,"parent":0,"menu_order":0,"comment_status":"closed","ping_status":"closed","template":"","meta":[],"_links":{"self":[{"href":"https:\/\/www.testqual.com\/productos\/index.php\/wp-json\/wp\/v2\/pages\/525"}],"collection":[{"href":"https:\/\/www.testqual.com\/productos\/index.php\/wp-json\/wp\/v2\/pages"}],"about":[{"href":"https:\/\/www.testqual.com\/productos\/index.php\/wp-json\/wp\/v2\/types\/page"}],"author":[{"embeddable":true,"href":"https:\/\/www.testqual.com\/productos\/index.php\/wp-json\/wp\/v2\/users\/1"}],"replies":[{"embeddable":true,"href":"https:\/\/www.testqual.com\/productos\/index.php\/wp-json\/wp\/v2\/comments?post=525"}],"version-history":[{"count":4,"href":"https:\/\/www.testqual.com\/productos\/index.php\/wp-json\/wp\/v2\/pages\/525\/revisions"}],"predecessor-version":[{"id":530,"href":"https:\/\/www.testqual.com\/productos\/index.php\/wp-json\/wp\/v2\/pages\/525\/revisions\/530"}],"wp:attachment":[{"href":"https:\/\/www.testqual.com\/productos\/index.php\/wp-json\/wp\/v2\/media?parent=525"}],"curies":[{"name":"wp","href":"https:\/\/api.w.org\/{rel}","templated":true}]}}