{"id":648,"date":"2023-03-16T11:23:18","date_gmt":"2023-03-16T10:23:18","guid":{"rendered":"https:\/\/www.testqual.com\/productos\/?page_id=648"},"modified":"2023-03-16T11:24:11","modified_gmt":"2023-03-16T10:24:11","slug":"columnas-de-vidrio-h53-hoi","status":"publish","type":"page","link":"https:\/\/www.testqual.com\/productos\/index.php\/columnas-de-vidrio-h53-hoi\/","title":{"rendered":"Columnas de vidrio H53\/HOI"},"content":{"rendered":"\t\t<div data-elementor-type=\"wp-page\" data-elementor-id=\"648\" class=\"elementor elementor-648\">\n\t\t\t\t\t\t\t\t\t<section class=\"elementor-section elementor-top-section elementor-element elementor-element-2cdc184 elementor-section-boxed elementor-section-height-default elementor-section-height-default\" data-id=\"2cdc184\" data-element_type=\"section\">\n\t\t\t\t\t\t<div class=\"elementor-container elementor-column-gap-default\">\n\t\t\t\t\t<div class=\"aux-parallax-section elementor-column elementor-col-100 elementor-top-column elementor-element elementor-element-d0433d3\" data-id=\"d0433d3\" data-element_type=\"column\">\n\t\t\t<div class=\"elementor-widget-wrap elementor-element-populated\">\n\t\t\t\t\t\t\t\t<div class=\"elementor-element elementor-element-60237ca elementor-widget elementor-widget-spacer\" data-id=\"60237ca\" data-element_type=\"widget\" data-widget_type=\"spacer.default\">\n\t\t\t\t<div class=\"elementor-widget-container\">\n\t\t\t\t\t<div class=\"elementor-spacer\">\n\t\t\t<div class=\"elementor-spacer-inner\"><\/div>\n\t\t<\/div>\n\t\t\t\t<\/div>\n\t\t\t\t<\/div>\n\t\t\t\t\t<\/div>\n\t\t<\/div>\n\t\t\t\t\t\t\t<\/div>\n\t\t<\/section>\n\t\t\t\t<section class=\"elementor-section elementor-top-section elementor-element elementor-element-35df30d6 elementor-section-boxed elementor-section-height-default elementor-section-height-default\" data-id=\"35df30d6\" data-element_type=\"section\">\n\t\t\t\t\t\t<div class=\"elementor-container elementor-column-gap-default\">\n\t\t\t\t\t<div class=\"aux-parallax-section elementor-column elementor-col-100 elementor-top-column elementor-element elementor-element-fc4d0b3\" data-id=\"fc4d0b3\" data-element_type=\"column\">\n\t\t\t<div class=\"elementor-widget-wrap elementor-element-populated\">\n\t\t\t\t\t\t\t\t<div class=\"elementor-element elementor-element-38767bb3 elementor-widget elementor-widget-aux_modern_heading\" data-id=\"38767bb3\" data-element_type=\"widget\" data-widget_type=\"aux_modern_heading.default\">\n\t\t\t\t<div class=\"elementor-widget-container\">\n\t\t\t<section class=\"aux-widget-modern-heading\">\n            <div class=\"aux-widget-inner\"><h2 class=\"aux-modern-heading-primary\">Fase especial<\/h2><h3 class=\"aux-modern-heading-secondary\"><span class=\"aux-head-highlight\">Columnas de vidrio H53\/H0I<\/span><span class=\"aux-head-after\">listas para usar<\/span><\/h3><div class=\"aux-modern-heading-divider\"><\/div><\/div>\n        <\/section>\t\t<\/div>\n\t\t\t\t<\/div>\n\t\t\t\t<div class=\"elementor-element elementor-element-10d887c4 elementor-widget elementor-widget-text-editor\" data-id=\"10d887c4\" data-element_type=\"widget\" data-widget_type=\"text-editor.default\">\n\t\t\t\t<div class=\"elementor-widget-container\">\n\t\t\t\t\t\t\t<p>Para el an\u00e1lisis del \u00edndice de hidrocarburos en agua seg\u00fan EN 9377-2 (m\u00e9todo H53) se utiliza Florisil<sup>\u00ae<\/sup>\u00a0certificado por lotes que ha sido caldeado inmediatamente antes de ser llenado de acuerdo al m\u00e9todo DIN. Por eso satisfacen tanto las columnas de vidrio como as\u00ed tambi\u00e9n los discos de fibra de vidrio alta pureza y calidad y pueden ser utilizados sin previo tratamiento. En combinaci\u00f3n con el sulfato de sodio activado se minimizan notablementelos valores en blanco.<\/p><p>Aplicaci\u00f3n t\u00edpica para el uso correcto:\u00a0An\u00e1lisis de aceites minerales (\u00edndice de hidrocarburos) seg\u00fan DIN EN ISO 9377-2\/H53. Las columnas de vidrio BEKOlut<sup>\u00ae<\/sup>\u00a0H53 est\u00e1n disponibles en diferentes tama\u00f1os con 1 g, 2 g, 4 g oder 10 g Florisil<sup>\u00ae<\/sup>\u00a0y 1 g o 2 g de sulfato de sodio anhidro.<\/p>\t\t\t\t\t\t<\/div>\n\t\t\t\t<\/div>\n\t\t\t\t\t<\/div>\n\t\t<\/div>\n\t\t\t\t\t\t\t<\/div>\n\t\t<\/section>\n\t\t\t\t<section class=\"elementor-section elementor-top-section elementor-element elementor-element-24fd61e4 elementor-section-boxed elementor-section-height-default elementor-section-height-default\" data-id=\"24fd61e4\" data-element_type=\"section\">\n\t\t\t\t\t\t<div class=\"elementor-container elementor-column-gap-default\">\n\t\t\t\t\t<div class=\"aux-parallax-section elementor-column elementor-col-50 elementor-top-column elementor-element elementor-element-6d27f5ee\" data-id=\"6d27f5ee\" data-element_type=\"column\">\n\t\t\t<div class=\"elementor-widget-wrap elementor-element-populated\">\n\t\t\t\t\t\t\t\t<div class=\"elementor-element elementor-element-6a89c303 elementor-widget elementor-widget-text-editor\" data-id=\"6a89c303\" data-element_type=\"widget\" data-widget_type=\"text-editor.default\">\n\t\t\t\t<div class=\"elementor-widget-container\">\n\t\t\t\t\t\t\t<div class=\"product-detail-list-img\">\u00a0<\/div><p>\u00a0<strong>Material base:\u00a0<\/strong>an\u00e1lisis medioambiental<\/p><div class=\"product-detail-list-img\">\u00a0<\/div><p>\u00a0<strong>Grupo funcional:\u00a0<\/strong>Florisil\/sulfato de sodio<\/p><div class=\"product-detail-list-img\">\u00a0<\/div><p>\u00a0<strong>Phase mechanism:\u00a0<\/strong>polar, fase normal<\/p><div class=\"product-detail-list-img\">\u00a0<\/div><p>\u00a0<strong>Compatibilidad matriz modelo:\u00a0<\/strong>org\u00e1nico<\/p>\t\t\t\t\t\t<\/div>\n\t\t\t\t<\/div>\n\t\t\t\t\t<\/div>\n\t\t<\/div>\n\t\t\t\t<div class=\"aux-parallax-section elementor-column elementor-col-50 elementor-top-column elementor-element elementor-element-264ed8a9\" data-id=\"264ed8a9\" data-element_type=\"column\">\n\t\t\t<div class=\"elementor-widget-wrap elementor-element-populated\">\n\t\t\t\t\t\t\t\t<div class=\"elementor-element elementor-element-83d7455 elementor-widget elementor-widget-image\" data-id=\"83d7455\" data-element_type=\"widget\" data-widget_type=\"image.default\">\n\t\t\t\t<div class=\"elementor-widget-container\">\n\t\t\t\t\t\t\t\t\t\t\t\t\t\t\t<img decoding=\"async\" width=\"738\" height=\"225\" src=\"https:\/\/www.testqual.com\/productos\/wp-content\/uploads\/2023\/03\/columnas-vidrio_h53.png\" class=\"attachment-large size-large wp-image-650\" alt=\"\" loading=\"lazy\" srcset=\"https:\/\/www.testqual.com\/productos\/wp-content\/uploads\/2023\/03\/columnas-vidrio_h53.png 738w, https:\/\/www.testqual.com\/productos\/wp-content\/uploads\/2023\/03\/columnas-vidrio_h53-200x61.png 200w\" sizes=\"(max-width: 738px) 100vw, 738px\" \/>\t\t\t\t\t\t\t\t\t\t\t\t\t\t\t<\/div>\n\t\t\t\t<\/div>\n\t\t\t\t<div class=\"elementor-element elementor-element-125a22c4 elementor-align-center elementor-widget elementor-widget-button\" data-id=\"125a22c4\" data-element_type=\"widget\" data-widget_type=\"button.default\">\n\t\t\t\t<div class=\"elementor-widget-container\">\n\t\t\t\t\t<div class=\"elementor-button-wrapper\">\n\t\t\t<a class=\"elementor-button elementor-button-link elementor-size-sm\" href=\"https:\/\/www.testqual.com\/productos\/index.php\/contacto\/\">\n\t\t\t\t\t\t<span class=\"elementor-button-content-wrapper\">\n\t\t\t\t\t\t<span class=\"elementor-button-text\">Pida su oferta sobre este producto<\/span>\n\t\t<\/span>\n\t\t\t\t\t<\/a>\n\t\t<\/div>\n\t\t\t\t<\/div>\n\t\t\t\t<\/div>\n\t\t\t\t\t<\/div>\n\t\t<\/div>\n\t\t\t\t\t\t\t<\/div>\n\t\t<\/section>\n\t\t\t\t\t\t\t<\/div>\n\t\t","protected":false},"excerpt":{"rendered":"<p>Fase especial Columnas de vidrio H53\/H0Ilistas para usar Para el an\u00e1lisis del \u00edndice de hidrocarburos en agua seg\u00fan EN 9377-2 (m\u00e9todo H53) se utiliza Florisil\u00ae\u00a0certificado por lotes que ha sido caldeado inmediatamente antes de ser llenado de acuerdo al m\u00e9todo DIN. Por eso satisfacen tanto las columnas de vidrio como as\u00ed tambi\u00e9n los discos de [&hellip;]<\/p>\n","protected":false},"author":1,"featured_media":0,"parent":0,"menu_order":0,"comment_status":"closed","ping_status":"closed","template":"","meta":[],"_links":{"self":[{"href":"https:\/\/www.testqual.com\/productos\/index.php\/wp-json\/wp\/v2\/pages\/648"}],"collection":[{"href":"https:\/\/www.testqual.com\/productos\/index.php\/wp-json\/wp\/v2\/pages"}],"about":[{"href":"https:\/\/www.testqual.com\/productos\/index.php\/wp-json\/wp\/v2\/types\/page"}],"author":[{"embeddable":true,"href":"https:\/\/www.testqual.com\/productos\/index.php\/wp-json\/wp\/v2\/users\/1"}],"replies":[{"embeddable":true,"href":"https:\/\/www.testqual.com\/productos\/index.php\/wp-json\/wp\/v2\/comments?post=648"}],"version-history":[{"count":4,"href":"https:\/\/www.testqual.com\/productos\/index.php\/wp-json\/wp\/v2\/pages\/648\/revisions"}],"predecessor-version":[{"id":653,"href":"https:\/\/www.testqual.com\/productos\/index.php\/wp-json\/wp\/v2\/pages\/648\/revisions\/653"}],"wp:attachment":[{"href":"https:\/\/www.testqual.com\/productos\/index.php\/wp-json\/wp\/v2\/media?parent=648"}],"curies":[{"name":"wp","href":"https:\/\/api.w.org\/{rel}","templated":true}]}}